k + 3. Let m be n(-22). Let b(r) = -6*r - 4. Give b(m).
-28
Let n(x) = x + 10. Suppose 19*f + 128 = -10*f + 21*f. Calculate n(f).
-6
Let k(d) = 5*d**2 - d + 46. Let i(x) = -6*x**2 + 4*x - 56. Let y(a) = -6*i(a) - 7*k(a). Calculate y(20).
74
Let w(h) be the first derivative of h**3/3 + 2*h**2 - 9*h + 1351. Give w(4).
23
Let j(u) be the third derivative of -u**5/60 - u**4/4 - 3*u**3 - 1122*u**2. Give j(-4).
-10
Let z = 24384 + -24378. Let o(l) = l**3 - 6*l**2 + 2*l + 23. What is o(z)?
35
Let r be ((-20)/16 - 45/60)/((-2)/(-3)). Let y(x) = 11*x + 14*x - 20*x. What is y(r)?
-15
Let g(h) = -h**3 - 14*h**2 - 17*h + 7. Suppose 45*p + 136 + 1125 = -52*p. Give g(p).
59
Suppose -l = 2 - 8. Let z(j) be the second derivative of 13*j - 5 + 0*j**2 + 1/12*j**4 - j**3. Determine z(l).
0
Let s be 456/266*161/(-92). Let t(w) be the first derivative of -w**4/4 - 5*w**3/3 - 3*w**2 - 7*w + 3. What is t(s)?
-7
Let q(d) = d**2 - 8*d. Let g(o) be the first derivative of -o**4/4 + 10*o**3/3 + 7*o**2 - 25*o - 3. Let u be g(11). What is q(u)?
0
Let p = -30490 - -30491. Let u(g) = 5*g**3 - 15*g**2 + 4*g + 11. Let v(c) = -3*c**3 + 7*c**2 - 2*c - 5. Let w(r) = 6*u(r) + 13*v(r). Calculate w(p).
-9
Let c(i) = -2*i**3 - i**2 + 7*i + 1. Let b(p) = -9*p**3 + p**2 + 21*p + 13. Let q(a) = -b(a) + 4*c(a). Give q(3).
-6
Let b(i) = -2*i**3 - i + 4. Let t(f) = -11*f**3 + f**2 + 20. Let w(p) = 6*b(p) - t(p). Calculate w(0).
4
Let d(z) = -z**3 + z**2 + z - 13. Let o = -5 - -57. Let q = o - 12. Let k be 6/(-4) + 60/q. Calculate d(k).
-13
Let j(o) = o**3 + 4*o**2 - 8*o - 3. Let a(p) = 10*p**2 - 78*p - 16. Let c be a(8). Suppose c = m - 3*h + 7*h + 10, -2*m - 13 = h. What is j(m)?
-27
Let h(f) = -388*f**3 + 804*f**3 - 2*f + 2 - 389*f**3 - f**2. Determine h(1).
26
Let j(o) be the first derivative of 5*o**3/3 - 3*o - 6211. What is j(4)?
77
Let x(a) = -5*a - 28. Let i = 8297 + -8299. Give x(i).
-18
Let v = -283 + 283. Suppose 0 = 3*u - v*u + a + 5, -u + 13 = 4*a. Let p(m) = -m**3 - 2*m**2 + m - 3. Calculate p(u).
3
Let l(n) = -n**3 - 3*n**2 + 3*n. Let m(z) = z**2 - 13*z + 4. Let t = -92 - -105. Let s be m(t). Suppose 2*v - k + 7 = 0, v + 2*k + 2 = s*k. What is l(v)?
4
Let n(y) be the first derivative of 5*y**2/2 - 3*y - 7. Suppose h = 2*w + 2*w - 38, -2*w = h - 22. Suppose 8*s + 4 = w*s. Determine n(s).
7
Let s(q) = 3 + q + 771*q**2 + 786*q**2 - 1561*q**2 + 0*q + 2*q**3. What is s(4)?
71
Let g(l) = l**2 + 26*l + 1. Let t(c) = c**3 - 46*c**2 + 37*c + 334. Let y be t(45). Give g(y).
1
Let u(y) = y**2 + 5*y + 2. Let t(n) = -93*n + 643. Let q be t(7). Calculate u(q).
26
Let y(x) be the second derivative of 2/3*x**3 - 1/4*x**4 + 1 + 3*x - 1/2*x**2. What is y(3)?
-16
Let x(w) = 266*w**2 + 274*w**2 + 9*w + 83 - 541*w**2. Determine x(-6).
-7
Suppose j + 23 = 5*f, -751*j + 752*j - f + 7 = 0. Let l(y) = -2*y**2 + y - 6. Give l(j).
-27
Let b(f) be the second derivative of f**5/20 + f**4/2 + f**3/2 + f**2 + 2531*f. Let l(j) = j**2 - j - 4. Let p be l(0). Give b(p).
22
Let r(u) = u**2 + 8*u - 5. Let b be r(-8). Let q(j) = -6 + j - j - 4*j + 1. Let y(k) = 5*k + 6. Let z(s) = 6*q(s) + 5*y(s). Calculate z(b).
-5
Let a be ((-50)/(-35))/((-1)/(-21)). Suppose -132*h = -129*h + a. Let f(o) = o + 22. Calculate f(h).
12
Let j(i) be the first derivative of 3*i**2/2 - 9*i - 911. Give j(4).
3
Let n(m) = -23*m - 3. Let j = 9967 - 9966. What is n(j)?
-26
Let d(o) be the first derivative of o**3/2 - 10*o**2 - 242*o + 279. Let m(j) be the first derivative of d(j). Give m(14).
22
Let k(y) be the third derivative of y**7/840 - y**6/360 - 19*y**4/24 + 20*y**3/3 - 68*y**2 + 2. Let g(i) be the first derivative of k(i). Calculate g(0).
-19
Let o(r) = r**2 + 5 + 13*r - 18*r - 3*r. Let s(a) = a**3 + 12*a**2 - 26*a + 32. Let i be s(-14). What is o(i)?
-11
Let x(j) be the third derivative of j**6/120 + 5*j**4/24 + 5*j**3/6 - 3309*j**2. Give x(-3).
-37
Suppose 1814 = 16*x - 5578. Let h = -470 + x. Let p(k) = -k**2 - 13*k - 11. Calculate p(h).
29
Let w(g) = -3*g**2 + 2*g + 1. Let x(h) = 52*h**2 + 5*h + 1. Let u(c) = -4*w(c) + x(c). Calculate u(-1).
64
Let n(d) = -d**2 - 24*d - 45. Let y be (9/4 + -5)/((-2)/(-16)). Give n(y).
-1
Let z(x) be the third derivative of x**5/60 + 13*x**4/24 + 8*x**3/3 - 189*x**2 - 3*x. Let p be (-212)/20 - (-2)/(-5). Calculate z(p).
-6
Suppose s = -2*q + 4*s + 26, 3*s = 5*q - 47. Suppose q*j - 84 = j. Let l = -20 + j. Let k(p) = -p**3 - 6*p**2 - p - 7. Determine k(l).
-1
Let a(h) = 228618*h - 5 + 2*h**2 + 2 + h**3 - 228618*h. What is a(-2)?
-3
Let s be (-32)/(-3) - (10/15 + -3 + 2). Let p(g) = g**2 - 15*g + 50. Determine p(s).
6
Let m = 0 - 0. Let p(v) be the first derivative of -v**3/6 - 3*v**2 - 126*v - 5. Let y(n) be the first derivative of p(n). Determine y(m).
-6
Let b(j) = 2*j**2 - 7*j + 5. Let w be b(4). Suppose -2*l + 14 = 4*m, -m + w = 3*l - 2. Let x(z) = 111*z**2 - 6 - z + 0*z - 112*z**m. What is x(0)?
-6
Let v(l) = -l**3 + l**2 + l - 32. Let q = -4717 + 4717. Calculate v(q).
-32
Suppose -4*o + 13 = 5. Let n(r) = -r**2 - 12*r - 32. Let s be n(-7). Let u(a) = -1 + 3*a + a**s - 2 + 5 - 2*a**2 - 4. Give u(o).
4
Let h = 1594 - 1597. Let z(o) = 3*o**2 - 2*o + 1. Give z(h).
34
Suppose 0 = -2*i - 2, 5*u - 18 = -4*i + 48. Suppose -6*t + u = -4*t. Let x(z) = 181*z. Let k(a) = -241*a - 2. Let n(r) = -3*k(r) - 4*x(r). Determine n(t).
-1
Let f(q) = q**3 + 6*q**2 - 24*q - 56. Suppose -84 - 49 = 19*k + 19. Determine f(k).
8
Let v(j) = -j**3 - 5*j**2 + 13*j - 4. Let n = -330 - -323. Determine v(n).
3
Suppose -4*n = -n - 3. Let j(m) = -m - 1347*m**2 + 2110*m**2 - 757*m**2. Calculate j(n).
5
Let b(m) be the second derivative of m**4/6 - 5*m**3/6 - 3*m**2/2 + 2*m - 470. What is b(-3)?
30
Let w = 32 - 94. Let g = 64 + w. Suppose g*v = -4*p - v + 9, 20 = -4*v. Let z(d) = d - 2. Give z(p).
4
Let a(o) = -o**3 - 3*o**2 - 2*o - 8. Suppose -11 = 5*d + 4. Let h be a(d). Let m(f) = 2*f**3 + 3*f**2 + f - 1. Give m(h).
-7
Let c = -23 + 22. Let l be 4/4*113 - c. Let m = 122 - l. Let k(w) = w**2 - 7*w - 9. Give k(m).
-1
Suppose -215*k = -227*k + 420. Let h(i) = i - 54 + k + 27. Calculate h(-14).
-6
Let b(w) = 7*w**2 + 17*w - 7. Let u(o) = 6*o - 14. Let s be u(5). Let n(g) = 4*g**2 + s*g + g - 8*g - 4. Let j(a) = 3*b(a) - 5*n(a). Determine j(-5).
-6
Suppose 79 = -5*t + 304. Suppose -3*d + 5*k = -20, 0 = -2*d - 5*k + 2*k + t. Let a(j) = -2*j + d - 20 + 4. Calculate a(1).
-3
Let y(b) = 11*b + 168. Suppose -5*p + 2*d = 87 - 0, 0 = 4*d - 24. What is y(p)?
3
Let b(k) = -k**3 + 17*k**2 + 82*k + 48. Let m be b(21). Let n(o) = o**2 - 50*o + 262. Give n(m).
-2
Suppose -17*p + 23*p - 18 = 0. Let b(g) = g**3 - 2*g**2 - 10*g + 19. Let u be b(p). Let q(z) = z**3 + 3*z**2 - 2. Calculate q(u).
2
Suppose -2*k + 2 = -0. Let x(q) = 7*q**3 + 1. Let i = -53 - -55. Let m(j) = 20*j**3 - j**2 + 4. Let z(l) = i*m(l) - 7*x(l). Determine z(k).
-10
Let x(v) = -v**2 + 4*v - 1. Let h(z) = z**2 - 7. Let a be h(3). Suppose 2*s = -a*s + 16. Suppose 0 = -5*d + 2*w + 25, 3*w + s = -3*d - 2. Calculate x(d).
2
Let s be (4 - -49*54/(-693)) + (-224)/22. Let j(p) = p**3 + 12*p**2 + 24*p - 6. What is j(s)?
-46
Let q = -150 + 168. Let i be -7 + 1*(q - 6). Let j(x) = -7*x + 6. Give j(i).
-29
Let x(s) = -13*s - 3*s - 7 + 3 + 3. Let k be x(-1). Suppose k = q - 6*q. Let u(a) = a**2 + 3*a + 2. What is u(q)?
2
Let q(j) = 3432*j**2 + 0*j - 1712*j**2 - 14*j + 1 - 1718*j**2. Let a be (-36)/21*(-21)/6. Calculate q(a).
-11
Let k(x) = 12*x + 1. Suppose -7*r - 3*r = -50. Let n(d) = -13*d. Let p(s) = r*k(s) + 4*n(s). Let u(c) = -23*c - 15. Let i(b) = -11*p(b) - 4*u(b). What is i(-4)?
-11
Let a(s) = -s**2 - 11 - 29*s + 101*s - 30*s - 31*s. Let t = 25 - 16. Give a(t).
7
Let o = 3060 + -3054. Let p(h) = -h**3 + 5*h**2 + 4*h - 4. What is p(o)?
-16
Let s(t) = -9*t - 16. Let f(y) = -12*y - 19. Let w(j) = -6*f(j) + 7*s(j). Determine w(4).
38
Suppose -57*j + 811 - 526 = 0. Let f(l) = 2*l**3 - 11*l**2 + 3*l - 13. What is f(j)?
-23
Let d be 9/(7/8 + 7/(-56)). Let k(i) = i**3 - 12*i**2 + i - 7. Determine k(d).
5
Let h(p) = -p**3 - 42*p**2 - 74*p + 227. Let r be h(-40). Let y(z) = 2*z**3 + 27*z**2 + 13*z - 6. What is y(r)?
-6
Suppose -2*x - 2 = 2. Let r(m) be the third derivative of m**5/20 + m**4/24 - m**3/6 + 5277*m**2 + 2*m. Give r(x).
9
Suppose -4*i - 2*p - 2*p = 604, 0 = -4*i - p - 